(-2 - -3)*(-2)/(-8)).
2, 61
Let a(p) = 2*p - 4*p + 4*p - 3 - p. List the prime factors of a(16).
13
Let m be (-8)/(-28) + 116/(-14). Let g = 0 + m. Let z = g - -11. What are the prime factors of z?
3
Let j(v) = -v**3 - 3*v**2. Suppose -4*u - 7 = 5. Let a be j(u). Suppose -5*s - 2 + 32 = a. What are the prime factors of s?
2, 3
Let l(i) = 12*i**3 - i**2 + i. Suppose 2*j = -5*b - 1, j - 4 = -2*b - 5. List the prime factors of l(b).
2, 3
Let i = 96 + -53. List the prime factors of i.
43
Suppose 2*o - 10 = v, v - 3*v + 2*o = 14. Let s(q) = -q**2 - 7*q - 6. Let p be s(-6). What are the prime factors of p/(-2) + (v - -17)?
13
Suppose -214 + 4 = -3*v. Suppose -4*s + 9*s = v. What are the prime factors of 24/s + 6/21?
2
What are the prime factors of 307 + (-3)/(-6)*0?
307
Let w(k) = -k - 2*k**3 + k**3 + 5*k**2 - 3*k**2. Let v be w(3). Let n = -1 - v. What are the prime factors of n?
11
Suppose -8*x + 140 = -4*x. List the prime factors of x.
5, 7
Suppose 22*u = 20*u + 314. What are the prime factors of u?
157
Let m(n) = 3*n**3 - 2*n**2 + n + 2. List the prime factors of m(2).
2, 5
Suppose -p - 23 = 5*q, -4*p - 2*q + 3*q = -13. Suppose n + p*n = -3*i + 12, -2*n = -3*i + 2. Suppose r = 2*u - 20 - 0, -r = -n. List the prime factors of u.
11
Suppose 0 = -5*j + 108 + 27. What are the prime factors of j?
3
Let p(j) = j**2 - 2*j - 4. What are the prime factors of p(7)?
31
Let u = 49 + 8. List the prime factors of u.
3, 19
Let d(u) = -u**3 - 9*u**2 + u + 12. Suppose 0 = -4*l - 15 - 21. Let p be d(l). Suppose -5*x + 7 = -p*b + 20, 3*b - 23 = -5*x. List the prime factors of b.
2, 3
Let n(u) = -17*u - 1. Let a(f) = 60*f + 3. Let b(g) = 5*a(g) + 18*n(g). List the prime factors of b(-2).
3
Let v = 4 + -3. List the prime factors of v/(-3) - (-21)/9.
2
Suppose -4*m + m = -3*f - 18, -2*f = -4*m + 18. List the prime factors of m.
3
Let b = 33 + -21. What are the prime factors of b?
2, 3
Let z(q) = -39*q - 11. List the prime factors of z(-2).
67
Let j = -5 + 18. Suppose m - j - 1 = 0. What are the prime factors of m?
2, 7
Suppose 4*c - 451 = -1151. List the prime factors of 4/16 - c/4.
2, 11
Suppose 0*s - 2*s = -10. Suppose 3*b = v + 14 + 2, -2*b = -s*v - 28. What are the prime factors of b?
2
Suppose -3*q + 26 = -r, -4*q + 84 = -3*r - q. Let y = -20 - r. What are the prime factors of y?
3
Suppose 2*p + 6 + 190 = 4*g, -g - 4*p + 31 = 0. List the prime factors of g.
47
Let u be (-2 - 13/2)*2. Let b = -24 - u. Let m(r) = -2*r - 5. List the prime factors of m(b).
3
Suppose -4*y = 2*w - 137 - 49, -4*w + 5*y + 359 = 0. Let v = 80 + -38. Suppose 3*t = -5*r + w - 33, -2*t = 4*r - v. What are the prime factors of t?
11
Let z(o) = 156*o**3 - o**2 + 3*o - 2. What are the prime factors of z(1)?
2, 3, 13
Let f be 12 + (3 - 0 - 2). Suppose -3*p + f + 11 = 0. List the prime factors of p.
2
What are the prime factors of (8/14)/(6/231)?
2, 11
Let y(s) = -s**3 - 12*s**2 + 7*s + 5. List the prime factors of y(-13).
83
Let n(g) = g**2 - 5*g - 3. Let r be n(6). Suppose 3*v - 2*v - h - r = 0, 2*v + 5*h = 41. Let a = -2 + v. What are the prime factors of a?
2, 3
Let n = -19 + 43. Suppose 2*x = -x - n. What are the prime factors of x/6*(-45)/6?
2, 5
Suppose -5*p - 3*l + 278 = 0, -l = -0*p - 3*p + 178. What are the prime factors of p?
2, 29
Suppose -5*n = 2*c + 1, -3*n - c = -6*c + 13. List the prime factors of 0 - 0 - n - -7.
2
Let j(i) = i**3 - 6*i**2 + 2*i - 7. Let s be j(6). Suppose -51 - 29 = -5*a. Suppose -s*u = -a - 19. List the prime factors of u.
7
Suppose 10*l - 1366 = 4. What are the prime factors of l?
137
Suppose 0 = -c + 2*y - 8, 5*y - 2*y = c + 12. Suppose 0 = -c*l - 4*l + 20. What are the prime factors of l?
5
Let g = -50 - -88. What are the prime factors of g?
2, 19
Suppose -u = -2*u + 39. Suppose o = 6 - u. List the prime factors of (-20)/(-11) - 6/o.
2
Let k = 7 + -12. Let y(z) = 2*z - 3. Let r(m) = m. Let p(n) = r(n) - y(n). What are the prime factors of p(k)?
2
Let b = -5 + 7. Suppose -2*k - 43 + 115 = -b*t, 36 = k - 2*t. What are the prime factors of k?
2, 3
Suppose -2*m = -6*m + 12. Suppose 5*q = 10, 2*w + m*q + 15 = 3*w. List the prime factors of w.
3, 7
Let a(k) = -k**3 + 8*k**2 + 57*k - 44*k - 3 - 3. What are the prime factors of a(9)?
2, 3, 5
Let b(p) = -p**2 - p + 3. Let n be b(0). Suppose n*h + h = 132. Let g = -16 + h. What are the prime factors of g?
17
Let p(z) = -z. Let s be p(-7). Suppose 140 = 2*q - s*q. Let h = -18 - q. What are the prime factors of h?
2, 5
Suppose -2*k - 60 = 2*k. Let a = -3 - k. List the prime factors of a.
2, 3
Suppose -s = 4*v - 229, 0 = 4*s - 7*s - 2*v + 657. What are the prime factors of s?
7, 31
Let m(b) = 2*b**2 + 3*b. Suppose -d - 10 = 5*t - 5*d, -3*d = -5*t - 5. Let i be -1 + 2/(-4)*t. List the prime factors of m(i).
2
Let j be 1/((-2)/(0 + -2)). Let d be 46 - (-3)/(-2 - j). What are the prime factors of (-1)/((-12)/d)*4?
3, 5
Let k(v) = -6*v - 6. List the prime factors of k(-5).
2, 3
Suppose 5*a + 9 + 101 = 5*z, a + 3 = 0. List the prime factors of z.
19
Let a = -76 - -161. What are the prime factors of a?
5, 17
Let f be (-2)/(1 + -1*2). Suppose 3*z + z = o + 5, 3*o + 5*z = f. What are the prime factors of 0*o/(-3) + 10?
2, 5
List the prime factors of (-74)/259 + (-1619)/(-7).
3, 7, 11
Let u(n) = -2*n**3 - 2*n**2 + 13*n + 8. What are the prime factors of u(-5)?
11, 13
Suppose 0 = 3*v - 33 - 63. Suppose 3*k + k - v = 0. Suppose k = -g + 3*g. What are the prime factors of g?
2
Suppose 89*m = 90*m - 238. What are the prime factors of m?
2, 7, 17
Suppose 4*h + 171 - 647 = 0. Suppose 5*m - 329 = -h. What are the prime factors of m?
2, 3, 7
Suppose 6*w - 40 = w. Let d = w + -1. Let y(c) = -c**2 + 8*c - 1. What are the prime factors of y(d)?
2, 3
Suppose -2*s = 5*z + 4, -4*z - 2*s - 2 = -0. List the prime factors of 28 + 3 + (-2 - z).
31
Suppose -s + 16 = 3*s. Let i = s + -16. Let h = -7 - i. What are the prime factors of h?
5
Let u(g) = -2*g**2 - 1. Let a be u(2). Let s = a - -17. Let n = 13 - s. What are the prime factors of n?
5
Let n(v) = 5*v**3 - 24*v**2 - 37*v - 11. Let d(o) = -o**3 + 6*o**2 + 9*o + 3. Let j(z) = 9*d(z) + 2*n(z). What are the prime factors of j(-4)?
3
Let m be 12/2 - 4/2. Let t = m + 0. List the prime factors of t.
2
Suppose 0 = -2*c + 3*m + 15, 4*c - 2*m = 3*m + 27. Suppose -5 = -c*j + 1. Suppose 0 = j*h - 16 - 2. List the prime factors of h.
3
Suppose -5*c + 5*w = -0*c, -15 = -c - 2*w. Suppose 0*l = l + c. Let o = 12 + l. What are the prime factors of o?
7
Suppose 7*x - 10*x = -120. Suppose 4*v - 2*v = x. What are the prime factors of v?
2, 5
Suppose 0 = -b + w - 44, 114 = -4*b + w - 77. Let p = -33 - b. List the prime factors of p.
2
What are the prime factors of 1045/(-22)*(-8)/10?
2, 19
Let p(r) = 26*r**2 - 2*r + 4. List the prime factors of p(2).
2, 13
Suppose 4*f + 10 - 6 = 0. What are the prime factors of 1 - (-52)/(f - -3)?
3
Suppose 2*f - 196 = 2*a, -2*f + 231 - 29 = a. List the prime factors of f.
2, 5
Let f(r) = -2*r - 5. Let s be f(-5). Suppose s*h - 2*h - 12 = 0. Suppose 0*t + t - h = -n, -5*n + 4*t + 56 = 0. List the prime factors of n.
2
Let q(h) = -7*h - 2. Let m be q(-2). Let p = 24 - m. Suppose -3*a + 2*f + 47 = -18, 0 = -3*f - p. What are the prime factors of a?
19
Let i = -13 - -9. What are the prime factors of (-1 - i) + 15 + 0?
2, 3
Suppose -4*n + 3*n - 12 = 0. Let s = 8 - n. List the prime factors of s.
2, 5
Let o be (-3)/(-6) - 46/4. Let x = 4 - o. What are the prime factors of x?
3, 5
Let s(w) = 7*w - 18. Let g(a) = -10*a + 27. Let z(l) = 5*g(l) + 7*s(l). List the prime factors of z(0).
3
Let c be 1/((-2)/2) - -2. List the prime factors of 18/(c*(4 + -2)).
3
Let p be -1*(2 - 2) - -5. Suppose -5*r + 4 = -5*v + 54, 2*r - p*v = -32. List the prime factors of 3/(-2)*r + 1.
2, 5
Let f(z) be the third derivative of z**5/30 + z**4/12 - z**3/2 + 27*z**2. Let m(v) = -v - 4. Let k be m(-7). List the prime factors of f(k).
3, 7
Let m(j) = j**2 - 2*j + 7. Let u be m(5). Suppose -5*h + 15 = -0*h. Suppose -20 = -h*f + u. What are the prime factors of f?
2, 7
Let f(x) = x**2 + 4*x + 4. Let y be f(-5). Let i be 6/y + (-8)/(-6). Suppose -i*v = -3*v + 10. List the prime factors of v.
2, 5
Suppose -1 = -2*d + 2*x + 5, -5*d = 5*x + 15. Let g(o) = 4*o + 8 + 2*o**3 - o**3 - 3*o. What are the prime factors 